e 3, what is -12 - 10111221122200?
-10111221122212
In base 11, what is -45267 - -5256?
-40011
In base 11, what is 4133266a + 0?
4133266a
In base 11, what is -124 + -3582a1?
-358415
In base 2, what is 10010100001000111110 - -110100?
10010100001001110010
In base 13, what is -3133b37 - -4?
-3133b33
In base 3, what is -2 + 100010200101020?
100010200101011
In base 7, what is -100002614 + -3?
-100002620
In base 3, what is -11100210101 - 1001201?
-11101212002
In base 8, what is -1134 - -1676011?
1674655
In base 8, what is 1 - -2320254?
2320255
In base 8, what is -133 - -11640037?
11637704
In base 10, what is -783178 - 0?
-783178
In base 8, what is -5663462 + -447?
-5664131
In base 7, what is -24210 + -1523?
-26033
In base 16, what is 14970 - 179?
147f7
In base 10, what is 145510 - 46?
145464
In base 10, what is -666 + 15521?
14855
In base 16, what is -1717fa4 + 8?
-1717f9c
In base 10, what is -281 - -26379?
26098
In base 9, what is -7 - -62752?
62744
In base 12, what is -b488a2 - 16?
-b488b8
In base 3, what is -102212 - 11000112111?
-11000222100
In base 2, what is -100000110111110 - 11011110?
-100001010011100
In base 7, what is -12150 - 264641?
-310121
In base 3, what is -1 + -10222112011212022?
-10222112011212100
In base 9, what is -12478588 - 3?
-12478602
In base 16, what is 16b5 + -b53?
b62
In base 8, what is 53 + 4023?
4076
In base 3, what is -211212 + 110222220210?
110222001221
In base 8, what is -21567 + 5014?
-14553
In base 14, what is 11390 - -10c?
1149c
In base 12, what is 9b + 5b0311?
5b03b0
In base 10, what is 3817943 - 21?
3817922
In base 15, what is 456eab + -6?
456ea5
In base 8, what is -6536 - 4123?
-12661
In base 6, what is -324305 - 112242?
-440551
In base 15, what is e06d - -a9?
e127
In base 2, what is -100000001010110001011 + 101011?
-100000001010101100000
In base 8, what is -5144 + -70423?
-75567
In base 13, what is 2b0 + 59b2?
5c92
In base 9, what is -867 - -340853?
338875
In base 12, what is 178 + ba26?
bba2
In base 10, what is 809196 - 171?
809025
In base 11, what is 2 - -82992302?
82992304
In base 6, what is -53303 - -12544?
-40315
In base 2, what is -11 + -11000010010010011111110?
-11000010010010100000001
In base 9, what is -61578 + -407?
-62086
In base 11, what is 47228 + -310?
46a18
In base 3, what is 111001 + 1220111112?
1220222120
In base 6, what is 21 + -30214234?
-30214213
In base 5, what is 10 - 102332310110?
-102332310100
In base 15, what is -2399a - d4a?
-247e5
In base 6, what is -2 + 345231345?
345231343
In base 15, what is 7707e5 + 4?
7707e9
In base 15, what is 103 + -3211aa?
-3210a7
In base 7, what is -2 - 3532600303?
-3532600305
In base 9, what is -2 + 2827705?
2827703
In base 13, what is 1b2 + -8845?
-8663
In base 14, what is 3 - 10a3178?
-10a3175
In base 16, what is -2d119c - -5?
-2d1197
In base 6, what is 302440034 + 14?
302440052
In base 11, what is -5 - 546a130?
-546a135
In base 2, what is 1010011011001 + -11110010100111?
-10011111001110
In base 14, what is 66751c - -5?
667523
In base 13, what is 23 - 1354966?
-1354943
In base 13, what is -64 - -9b2b9?
9b255
In base 2, what is -1011111110000 + -110110100011110?
-1000010100001110
In base 3, what is -10102 - 20121020000202?
-20121020011011
In base 11, what is -1 + -1359122?
-1359123
In base 10, what is 378375898 - 2?
378375896
In base 9, what is 158002 - -314?
158316
In base 13, what is -5085c - 1bc?
-50a4b
In base 3, what is -20101012021 + 11120?
-20101000201
In base 14, what is a8a - a1?
9c9
In base 8, what is 15 - 1120763?
-1120746
In base 9, what is -583464713 + 2?
-583464711
In base 13, what is 47921c + -48?
4791a4
In base 10, what is -10 + 189953?
189943
In base 10, what is -2 - 1739945?
-1739947
In base 13, what is 3 - -458133?
458136
In base 9, what is -3 + -510336?
-510340
In base 4, what is -220333121003313 - 2?
-220333121003321
In base 14, what is -4 - -b52598?
b52594
In base 6, what is -201031524 + -4?
-201031532
In base 2, what is 1100100100110 - -10001110?
1100110110100
In base 13, what is -4b - -11a2a7?
11a259
In base 14, what is -a + -1d430?
-1d43a
In base 12, what is 2321663 + -5?
232165a
In base 12, what is -16604 + -6bb?
-17103
In base 8, what is 1040327 - -67?
1040416
In base 12, what is -6052a + 771?
-5b979
In base 3, what is 201 - 120100110200002?
-120100110122101
In base 16, what is -1ebd6 - 15d?
-1ed33
In base 16, what is -16959 + 9?
-16950
In base 14, what is -1848 - 71?
-18b9
In base 7, what is -6420 - 1540200?
-1546620
In base 5, what is -23 - -1321030304?
1321030231
In base 3, what is 100100222212110 - -1002?
100100222220112
In base 13, what is 8b290 + -11?
8b27c
In base 13, what is 14058 - -4944?
1899c
In base 16, what is 2 + 184f29?
184f2b
In base 9, what is 7 - 4558806?
-4558788
In base 8, what is -255013 - -36?
-254755
In base 2, what is 0 - 10001111011111111001?
-10001111011111111001
In base 2, what is 10010001 - -101111110111100010111100?
101111110111100101001101
In base 15, what is -3ec7d + -20dd?
-41d6b
In base 8, what is -13707503 - -47?
-13707434
In base 13, what is 2c497 - 15?
2c482
In base 15, what is -67a53 - -14a?
-67908
In base 6, what is 1 - 10100505?
-10100504
In base 10, what is -6015951 + 3?
-6015948
In base 12, what is -2479 - -912?
-1767
In base 5, what is -131 + -404331441?
-404332122
In base 10, what is 1 - 38269636?
-38269635
In base 15, what is 218ac7 + 4?
218acb
In base 16, what is aebed6 - 1?
aebed5
In base 16, what is -aed1d + 3?
-aed1a
In base 12, what is 37b565b + -3?
37b5658
In base 11, what is -1453875 + 1?
-1453874
In base 9, what is -13538626 - -3?
-13538623
In base 11, what is 4173 - 17109?
-12a46
In base 15, what is 4 + 24d403e?
24d4043
In base 10, what is -6 - 3429756?
-3429762
In base 13, what is 2aa - -b005?
b2b2
In base 12, what is 7337 + -42?
72b5
In base 5, what is 0 - 311132022?
-311132022
In base 16, what is 2 + 5eaaef?
5eaaf1
In base 12, what is 2 - 7420098?
-7420096
In base 16, what is afe07d7 + 5?
afe07dc
In base 8, what is 505561 + -45?
505514
In base 7, what is 604152206 + -13?
604152163
In base 6, what is 153144452 + -2?
153144450
In base 8, what is 2037051 - 12?
2037037
In base 15, what is -108d + -101c?
-20aa
In base 2, what is 1001001111000 - -1001011110?
1010011010110
In base 6, what is -1012540453 + 134?
-1012540315
In base 2, what is 100101101100101000010001 + -11?
100101101100101000001110
In base 6, what is -402142 - 552?
-403134
In base 7, what is 2531 - 63636?
-61105
In base 9, what is 277622 + -103?
277518
In base 6, what is 141311 - 420?
140451
In base 14, what is 6 + ac8c9?
ac8d1
In base 5, what is 1000242 + 3113?
1003410
In base 5, what is -4 - -1033313342?
1033313333
In base 4, what is -2010332 + 211110?
-1133222
In base 6, what is -2221503122 - -1?
-2221503121
In base 12, what is 59 + -4a558?
-4a4bb
In base 12, what is -2a77b7 - 6?
-2a7801
In base 2, what is 111010001100 + -100100110010?
10101011010
In base 15, what is -1 - -d3ba78?
d3ba77
In base 10, what is 1282 - -177699?
178981
In base 7, what is -325102 + -24?
-325126
In base 12, what is -2 + 3301207?
3301205
In base 9, what is -126 - 7202315?
-7202442
In base 2, what is -100 + -1010001100101010101100?
-1010001100101010110000
In base 16, what is 7f3c4d - 1?
7f3c4c
In base 4, what is 1110030221 + -21322?
1110002233
In base 7, what is 10152 + -14501?
-4316
In base 16, what is -12186 + -71?
-121f7
In base 2, what is -1000111101111011111001110 - -100?
-1000111101111011111001010
In base 13, what is -2c9 - -415421?
415125
In base 2, what is 110010000101101 + -1000111011110100?
-10101011000111
In base 4, what is -2130202 - -1033232?
-1030310
In base 10, what is 250 + 118824?
119074
In base 12, what is -41 - 2240375?
-22403b6
In base 11, what is -46 + -10229005?
-10229050
In base 6, what is 5 - -121234335?
121234344
In base 13, what is -acb04 + 4?
-acb00
In base 11, what is -665 - -91480?
90916
In base 8, what is 1722 + -1125032?
-1123110
In base 3, what is 102220002012111220 - -1?
102220002012111221
In base 10, what is 48251 + -4?
48247
In base 14, what is -3a3920b - -5?
-3a39206
In base 7, what is -2316601 + 11130?
-2305441
In base 12, what is 2 + 11660a36?
11660a38
In base 16, what is 7 - 6fd5a6?
-6fd59f
In base 11, what is -4 - 10592a4?
-10592a8
In base 12, what is 3 - 1532135?
-1532132
In base 15, what is 4 - 22